m = -3*m - 3*z + b. Is m a multiple of 14?
True
Let h(a) = a**2 + 4. Let v be h(-3). Suppose 0 = 4*j - 4*s - 81 - 87, -2*s - 47 = -j. Suppose -5*c + v + j = 0. Is 5 a factor of c?
True
Is 3 a factor of (3/(-6))/((-2)/44)?
False
Let z(m) = -m**2 + 6*m - 8. Let u be z(7). Let f be (-3)/u + (-1)/5. Suppose f = -3*r + 5*r - 82. Does 16 divide r?
False
Suppose 2*o = 2*z + 8, 0*o + 4*o + 3*z + 19 = 0. Let l be 1 - (2 + 65) - o. Let q = -6 - l. Is 16 a factor of q?
False
Suppose m = 5*m + 12. Is 1/(0 + m/(-30)) a multiple of 10?
True
Suppose 8*c - 5*c = 171. Is c a multiple of 19?
True
Let v = 11 + -9. Suppose -156 = -v*k - k. Is k a multiple of 13?
True
Let r be -1 - 2 - 9/(-1). Suppose 4*p = -2*o + 128, -r - 37 = -p + 5*o. Is p a multiple of 11?
True
Suppose -2*z + 6 = -5*v + 41, -3*v - 2*z = -5. Let n(r) = -13*r + v*r - 12*r. Does 10 divide n(-1)?
True
Let b(j) = -j**3 + 2*j**2 + 4*j + 1. Let a be b(3). Suppose 0*h = 4*u - 5*h - 100, -u = 4*h - a. Does 9 divide u?
False
Suppose -3*c = -9 - 3. Suppose -w + c*i = -3*w + 28, i + 74 = 4*w. Suppose -3*h + 96 + w = -3*q, -20 = -5*q. Is 21 a factor of h?
True
Suppose -195 = -j - f - 2*f, -2*j - 5*f + 395 = 0. Does 47 divide j?
False
Let s(k) = -k + 57. Is 5 a factor of s(-18)?
True
Let l = 25 - 46. Does 7 divide 2/7 + (-288)/l?
True
Is 97 - 1 - (-9 - -8) a multiple of 15?
False
Let w(i) = -8 - 7 + 10*i**2 + 11*i - 15*i + i**3. Is 25 a factor of w(-10)?
True
Let p(d) = 10*d + 4. Let x(m) = -11*m - 5. Let t(w) = -7*p(w) - 6*x(w). Suppose -4*a - 2*f = 9 + 19, -2*f - 8 = 0. Is t(a) a multiple of 10?
False
Suppose 0 = -15*d + 3792 + 438. Does 47 divide d?
True
Suppose -3*c = -77 - 70. Is 19 a factor of c?
False
Suppose 9 = -2*d + 5*d. Let y be d - 5 - 1*-47. Suppose -4*n = -15 - y. Does 4 divide n?
False
Let n be 2/(-6) - 166/6. Let j = -1 - n. Is 17 a factor of j?
False
Let u be 2*-1*(-21)/(-6). Let h = 11 + u. Let d(n) = 2*n**2 - n + 2. Is d(h) a multiple of 15?
True
Let j(r) = -11*r. Let h be j(-3). Suppose -2*n = -4*o - o - 45, 2*n = -3*o - 43. Let d = h + o. Does 11 divide d?
True
Let h = 203 + -118. Is h a multiple of 13?
False
Suppose 5 = 3*p + 17. Let j = p + 2. Let o(z) = -4*z**3 + 3*z**2 + 2*z + 2. Is o(j) a multiple of 21?
True
Let t = -7 - -15. Let s = -8 - -5. Let c = t + s. Is 3 a factor of c?
False
Suppose 3*g = 5*m - 6, -4*g = -3*m - 4 + 1. Suppose -4*q - 4*h + 449 = 189, -281 = -4*q + m*h. Is q a multiple of 20?
False
Let v be ((-1)/2*-4)/2. Suppose -k = -5 + v. Is k a multiple of 4?
True
Suppose -4*k - 4*v = 0, 4*v - 3*v = 4*k. Suppose 3*z = 4*c + 7*z, k = 3*c + 2*z. Suppose c*u - u = -31. Is 9 a factor of u?
False
Let d(v) = 4*v - 3. Is d(4) a multiple of 3?
False
Suppose 3*i - 2*b + 6 = 16, -12 = -4*i + 4*b. Let o be (i - 1)/((-6)/(-4)). Suppose -o*n = 2*y + 23 - 57, -12 = -4*y. Does 8 divide n?
False
Let j(g) be the first derivative of -5*g**3 + 7*g**2 - 13*g + 3. Let s(y) = -7*y**2 + 7*y - 6. Let a(l) = 4*j(l) - 9*s(l). Is a(5) a multiple of 14?
True
Suppose 0 = -5*t + 2*t - 12. Is t/(-8)*-1*-46 a multiple of 23?
True
Let j be -4 + 2 - (1 - -2). Is j/15 - (-40)/3 a multiple of 13?
True
Let b = -104 - -149. Is 14 a factor of b?
False
Suppose 105 = 8*a - 55. Suppose 2*p = p - 10. Let c = a + p. Is c a multiple of 10?
True
Is (-72)/(((-2)/(-4))/(40/(-32))) a multiple of 36?
True
Let m be 8/8 - (0 - 1). Let p(t) = 39*t + 1. Let x be p(m). Suppose 5*g - 11 - x = 0. Does 6 divide g?
True
Let i = 247 - 97. Is i a multiple of 36?
False
Suppose 3*m - 52 - 8 = 0. Let l = 4 - 9. Let w = l + m. Does 6 divide w?
False
Suppose w = -4*w + 15. Suppose 5*j + w*h = 57, -16 = -4*j + 2*h + 3*h. Is j a multiple of 6?
False
Let g(i) = i**2 + 3*i - 5. Let q be g(-4). Let j be (1 + 0)/(-1) + q. Does 7 divide (-48)/(-3) + j/1?
True
Suppose q - v = 37, -q - 3*q + 151 = -v. Let s = q + -2. Is s a multiple of 12?
True
Suppose 27 = 4*p - 4*n - 57, -5*n + 5 = 0. Does 11 divide p?
True
Let f(p) = -p**2 - 4. Let v be f(3). Let q(o) = o**3 + 12*o**2 - 18*o - 13. Does 25 divide q(v)?
False
Let v(z) = -10*z - 1. Let p be v(4). Is 7 a factor of 5/10 - p/2?
True
Is (9/3)/6*-2 + 14 a multiple of 12?
False
Let w be ((-16)/10)/(28/(-70)). Let u(z) be the third derivative of -z**6/120 + z**5/15 + 5*z**4/24 - z**3 + z**2. Does 7 divide u(w)?
True
Suppose -4*f + 35 + 19 = 2*k, -2*k + 79 = -f. Suppose 0 = -3*x + 8 + k. Is x a multiple of 15?
True
Let q = -39 + 68. Suppose q = 5*u - 11. Let v = u - 2. Is 3 a factor of v?
True
Let a(r) = 3*r - 1. Let t be a(-9). Let f be t/(-6) - 3/(-9). Suppose -2*y + f*s = -3*y + 43, 2*y + 5*s - 86 = 0. Is y a multiple of 18?
False
Let l(h) = 11*h - 35. Does 46 divide l(18)?
False
Let t(u) = 14*u - 10. Let g(r) = -5*r + 3. Let w(s) = -11*g(s) - 4*t(s). Let q be w(5). Is 13 a factor of 162/12 + q/(-4)?
True
Let m(r) = 6*r**2 + 41*r + 11. Let n(i) = -i**2 - 8*i - 2. Let f(g) = 2*m(g) + 11*n(g). Let l be f(6). Is (-10)/6*-3 + l a multiple of 2?
False
Suppose 3*q - j + 5*j = 21, 0 = 4*q + j - 15. Let i be (22/(-4))/(2/(-76)). Suppose -i = -q*f - 56. Is 17 a factor of f?
True
Suppose -19 = 5*q + 1, 117 = 5*r - 3*q. Is 11 a factor of r?
False
Let k be (2 + 1)*(-40)/12. Let c = -6 - k. Is c a multiple of 3?
False
Suppose -5*v + 1630 = -5*i, i = -v + 108 + 226. Does 22 divide v?
True
Does 13 divide ((-460)/(-35) + -2)*7?
True
Suppose 4 = -2*l, -2*l = -r + 14 + 13. Is r a multiple of 6?
False
Suppose -19*v + 520 = -9*v. Does 13 divide v?
True
Suppose -3*n = -156 - 51. Let g be 1*n/6*-2. Let p = g + 39. Does 8 divide p?
True
Let b(q) = 48*q + 4. Let c = -9 + 13. Let j be b(c). Suppose -h + j = 3*w - 2*h, 4*w = -2*h + 268. Does 24 divide w?
False
Let m = 65 + -9. Does 28 divide m?
True
Let j = 6 - 6. Suppose -2*w + 64 = -j*w. Does 8 divide w?
True
Suppose -l + 3*l = -22. Is 2/l + (-79)/(-11) a multiple of 3?
False
Suppose 5*v = i - 4*i + 180, -60 = -i + 3*v. Does 20 divide i?
True
Let t = 621 - 382. Is 24 a factor of t?
False
Let h = 9 - 5. Suppose -3*l = h*u - 67, 4*l + 5*u - 90 = -0*l. Is l a multiple of 7?
False
Suppose 0 = f + 2*f + 12, -5*r = f - 721. Suppose 0 = -5*d + 6*w - w + r, 3*d - 72 = -2*w. Is 14 a factor of d?
False
Does 10 divide ((-3)/(-6)*-91 - -2)*-2?
False
Does 19 divide (-60)/(-8)*5*2?
False
Let r be 2*(-3 + 1)*-1. Suppose 5*j = -r*b + 42, -b + 15 = j + 2*b. Does 4 divide j?
False
Suppose 16 = -4*v, -c + 4*c + 2*v = 13. Let b(q) = 2*q - 5. Let k(g) = 4*g - 9. Let t(u) = -11*b(u) + 6*k(u). Is t(c) a multiple of 15?
True
Let k(p) be the third derivative of p**5/40 - 5*p**4/24 + p**3/6 - 3*p**2. Let x(u) be the first derivative of k(u). Does 7 divide x(4)?
True
Suppose -4*i + 40 = -32. Is 18 a factor of i?
True
Let i be 1 - ((-6)/(-2) + -2). Suppose 0 = -n - a + 25, -n + i*n + a + 23 = 0. Does 8 divide n?
True
Let y(t) = -t**3 - 5*t**2 - 2*t - 5. Let w be y(-6). Suppose -4*l = m + 16 - 137, 3*m = 2*l - w. Is 29 a factor of l?
True
Suppose -c + 2*c = -2. Let a(f) be the third derivative of -f**6/60 - f**5/20 + f**4/24 + f**3/3 + f**2. Is 3 a factor of a(c)?
False
Let c(r) = r**2 - 5*r. Let v be c(5). Suppose j - 20 + 7 = v. Is j a multiple of 4?
False
Let a(r) = -r**3 - 4*r**2 + 9*r + 6. Let t = 7 + -13. Does 5 divide a(t)?
False
Suppose -4*g + r + 21 = 0, -3*r + 5*r + 27 = 5*g. Let s(l) = l**2 + 3. Does 21 divide s(g)?
False
Let r(y) = 9*y + 36. Does 13 divide r(22)?
True
Suppose 2*k - 18 = -2*r, -5*k + 2*k + 5*r = -35. Is (-1 - 1) + (k - 3) a multiple of 5?
True
Let l(k) = k**2 - 10*k - 10. Let i be l(11). Let q be 0/i + (-15)/(-3). Suppose -34 = -q*v - 4. Does 6 divide v?
True
Let j(q) = -18*q + 43. Is j(-16) a multiple of 42?
False
Let h(x) = -5*x - 5. Does 14 divide h(-6)?
False
Let x be 114/3 + 3/3. Suppose -3*j + x = 3*h + 2*j, 5*h = -3*j + 81. Does 6 divide h?
True
Is 15 a factor of ((-312)/(-13))/(((-6)/5)/(-3))?
True
Suppose 0 = -5*d + 107 + 343. Is d a multiple of 13?
False
Suppose 5*x - 2 = -2*r, 23 = 5*r - 3*x - 13. Suppose -6 = -2*k - o, 3*k - 14 = -o - r. Let g = 32 - k. Is 15 a factor of g?
True
Let m = -145 + 241. Does 24 divide m?
True
Suppose -12*a + 8*a + 20 = 0. Suppose j - 3*k + 6*k = 32, -a*k - 152 = -3*j. Is 12 a factor of j?
False
Let b(t) = t**2 - 5*t - 8. Let m be b(6). Let x be m + -1 + -1 + 0. Is 7/3 - x/6 a multiple of 3?
True
Suppose -4*n + 27 = -n. Suppos